{"id":100,"date":"2023-08-14T20:00:36","date_gmt":"2023-08-14T18:00:36","guid":{"rendered":"https:\/\/lesclichesdegermain.com\/?page_id=100"},"modified":"2024-03-28T18:29:40","modified_gmt":"2024-03-28T17:29:40","slug":"portrait","status":"publish","type":"page","link":"https:\/\/lesclichesdegermain.com\/index.php\/prestation\/portrait\/","title":{"rendered":"Portrait"},"content":{"rendered":"\n<div class=\"wp-block-cover has-parallax\" style=\"min-height:700px;aspect-ratio:unset;\"><span aria-hidden=\"true\" class=\"wp-block-cover__background has-background-dim\"><\/span><div role=\"img\" class=\"wp-block-cover__image-background wp-image-194 has-parallax\" style=\"background-position:50% 50%;background-image:url(http:\/\/lesclichesdegermain.com\/wp-content\/uploads\/2023\/08\/DSC_6568-scaled.jpg)\"><\/div><div class=\"wp-block-cover__inner-container is-layout-constrained wp-block-cover-is-layout-constrained\">\n<p class=\"has-text-align-center has-nv-site-bg-color has-text-color has-link-color wp-elements-20141be5e66149bcca166c1338a43514\" style=\"font-size:100px\">Portrait<\/p>\n<\/div><\/div>\n\n\n\n<div style=\"height:30px\" aria-hidden=\"true\" class=\"wp-block-spacer\"><\/div>\n\n\n\n<p class=\"has-text-align-center has-medium-font-size\"><strong><font _mstmutation=\"1\" _msttexthash=\"3994003\" _msthash=\"5226\">S\u00e9ances photos \u00e0 partir de 75\u20ac<\/font><br><font _mstmutation=\"1\" _msttexthash=\"5907265\" _msthash=\"5209\">Toutes les s\u00e9ances se passent en ext\u00e9rieur, le shooting peut \u00eatre report\u00e9 en fonction de la m\u00e9t\u00e9o<\/font><\/strong><\/p>\n\n\n\n<div class=\"wp-block-columns is-layout-flex wp-container-core-columns-is-layout-1 wp-block-columns-is-layout-flex\">\n<div class=\"wp-block-column is-layout-flow wp-block-column-is-layout-flow\">\n<figure class=\"wp-block-image size-large\"><img loading=\"lazy\" decoding=\"async\" width=\"1024\" height=\"678\" src=\"https:\/\/lesclichesdegermain.com\/wp-content\/uploads\/2024\/03\/DSC_4178-1024x678.jpg\" alt=\"\" class=\"wp-image-451\" srcset=\"https:\/\/lesclichesdegermain.com\/wp-content\/uploads\/2024\/03\/DSC_4178-1024x678.jpg 1024w, https:\/\/lesclichesdegermain.com\/wp-content\/uploads\/2024\/03\/DSC_4178-300x198.jpg 300w, https:\/\/lesclichesdegermain.com\/wp-content\/uploads\/2024\/03\/DSC_4178-768x508.jpg 768w, https:\/\/lesclichesdegermain.com\/wp-content\/uploads\/2024\/03\/DSC_4178-1536x1016.jpg 1536w, https:\/\/lesclichesdegermain.com\/wp-content\/uploads\/2024\/03\/DSC_4178-2048x1355.jpg 2048w\" sizes=\"(max-width: 1024px) 100vw, 1024px\" \/><\/figure>\n<\/div>\n\n\n\n<div class=\"wp-block-column is-vertically-aligned-center is-layout-flow wp-block-column-is-layout-flow\">\n<h2 class=\"wp-block-heading\">S\u00e9ance en solo<\/h2>\n\n\n\n<p><font _mstmutation=\"1\" _msttexthash=\"65117\" _msthash=\"1443\">Vous d\u00e9couvrir autrement\u2026<\/font><font _mstmutation=\"1\"><\/font><\/p>\n\n\n\n<div class=\"wp-block-buttons is-layout-flex wp-block-buttons-is-layout-flex\"><\/div>\n<\/div>\n<\/div>\n\n\n\n<div style=\"height:10px\" aria-hidden=\"true\" class=\"wp-block-spacer\"><\/div>\n\n\n\n<div class=\"wp-block-columns is-layout-flex wp-container-core-columns-is-layout-2 wp-block-columns-is-layout-flex\">\n<div class=\"wp-block-column is-layout-flow wp-block-column-is-layout-flow\">\n<figure class=\"wp-block-image size-large\"><img loading=\"lazy\" decoding=\"async\" width=\"1024\" height=\"683\" src=\"http:\/\/lesclichesdegermain.com\/wp-content\/uploads\/2023\/08\/DSC_6181-1-1024x683.jpg\" alt=\"\" class=\"wp-image-156\" srcset=\"https:\/\/lesclichesdegermain.com\/wp-content\/uploads\/2023\/08\/DSC_6181-1-1024x683.jpg 1024w, https:\/\/lesclichesdegermain.com\/wp-content\/uploads\/2023\/08\/DSC_6181-1-300x200.jpg 300w, https:\/\/lesclichesdegermain.com\/wp-content\/uploads\/2023\/08\/DSC_6181-1-768x512.jpg 768w, https:\/\/lesclichesdegermain.com\/wp-content\/uploads\/2023\/08\/DSC_6181-1-1536x1025.jpg 1536w, https:\/\/lesclichesdegermain.com\/wp-content\/uploads\/2023\/08\/DSC_6181-1-930x620.jpg 930w, https:\/\/lesclichesdegermain.com\/wp-content\/uploads\/2023\/08\/DSC_6181-1.jpg 1770w\" sizes=\"(max-width: 1024px) 100vw, 1024px\" \/><\/figure>\n<\/div>\n\n\n\n<div class=\"wp-block-column is-vertically-aligned-center is-layout-flow wp-block-column-is-layout-flow\">\n<h2 class=\"wp-block-heading\">S\u00e9ance en couple<\/h2>\n\n\n\n<p><font _mstmutation=\"1\" _msttexthash=\"65117\" _msthash=\"1443\">Se d\u00e9couvrir en amoureux\u2026<\/font><font _mstmutation=\"1\"><\/font><\/p>\n\n\n\n<div class=\"wp-block-buttons is-layout-flex wp-block-buttons-is-layout-flex\"><\/div>\n<\/div>\n<\/div>\n\n\n\n<div style=\"height:10px\" aria-hidden=\"true\" class=\"wp-block-spacer\"><\/div>\n\n\n\n<div class=\"wp-block-columns is-layout-flex wp-container-core-columns-is-layout-3 wp-block-columns-is-layout-flex\">\n<div class=\"wp-block-column is-layout-flow wp-block-column-is-layout-flow\">\n<figure class=\"wp-block-image size-large\"><img loading=\"lazy\" decoding=\"async\" width=\"1024\" height=\"681\" src=\"https:\/\/lesclichesdegermain.com\/wp-content\/uploads\/2024\/03\/DSC_8184-1024x681.jpg\" alt=\"\" class=\"wp-image-454\" srcset=\"https:\/\/lesclichesdegermain.com\/wp-content\/uploads\/2024\/03\/DSC_8184-1024x681.jpg 1024w, https:\/\/lesclichesdegermain.com\/wp-content\/uploads\/2024\/03\/DSC_8184-300x200.jpg 300w, https:\/\/lesclichesdegermain.com\/wp-content\/uploads\/2024\/03\/DSC_8184-768x511.jpg 768w, https:\/\/lesclichesdegermain.com\/wp-content\/uploads\/2024\/03\/DSC_8184-1536x1022.jpg 1536w, https:\/\/lesclichesdegermain.com\/wp-content\/uploads\/2024\/03\/DSC_8184-2048x1363.jpg 2048w\" sizes=\"(max-width: 1024px) 100vw, 1024px\" \/><\/figure>\n<\/div>\n\n\n\n<div class=\"wp-block-column is-vertically-aligned-center is-layout-flow wp-block-column-is-layout-flow\">\n<h2 class=\"wp-block-heading\">B\u00e9b\u00e9<\/h2>\n\n\n\n<p><font _mstmutation=\"1\" _msttexthash=\"1928589\" _msthash=\"1443\">Garder des souvenirs <\/font>d<font _mstmutation=\"1\" _msttexthash=\"1928589\" _msthash=\"1443\">es meilleurs moments de b\u00e9b\u00e9&#8230;<\/font><font _mstmutation=\"1\"><\/font><\/p>\n\n\n\n<div class=\"wp-block-buttons is-layout-flex wp-block-buttons-is-layout-flex\"><\/div>\n<\/div>\n<\/div>\n\n\n\n<div style=\"height:10px\" aria-hidden=\"true\" class=\"wp-block-spacer\"><\/div>\n\n\n\n<div class=\"wp-block-columns is-layout-flex wp-container-core-columns-is-layout-4 wp-block-columns-is-layout-flex\">\n<div class=\"wp-block-column is-layout-flow wp-block-column-is-layout-flow\"><\/div>\n\n\n\n<div class=\"wp-block-column is-vertically-aligned-center is-layout-flow wp-block-column-is-layout-flow\">\n<h2 class=\"wp-block-heading\">Femme enceinte<\/h2>\n\n\n\n<p><font _mstmutation=\"1\" _msttexthash=\"65117\" _msthash=\"1443\">9 mois d\u2019amour et de tendresse\u2026.<\/font><font _mstmutation=\"1\"><\/font><\/p>\n\n\n\n<div class=\"wp-block-buttons is-layout-flex wp-block-buttons-is-layout-flex\"><\/div>\n<\/div>\n<\/div>\n","protected":false},"excerpt":{"rendered":"<p>S\u00e9ances photos \u00e0 partir de 75\u20acToutes les s\u00e9ances se passent en ext\u00e9rieur, le shooting peut \u00eatre report\u00e9 en fonction de la m\u00e9t\u00e9o S\u00e9ance en solo Vous d\u00e9couvrir autrement\u2026 S\u00e9ance en couple Se d\u00e9couvrir en amoureux\u2026 B\u00e9b\u00e9 Garder des souvenirs des meilleurs moments de b\u00e9b\u00e9&#8230; Femme enceinte 9 mois d\u2019amour et de tendresse\u2026.<\/p>\n","protected":false},"author":1,"featured_media":0,"parent":30,"menu_order":0,"comment_status":"closed","ping_status":"closed","template":"","meta":{"neve_meta_sidebar":"","neve_meta_container":"full-width","neve_meta_enable_content_width":"","neve_meta_content_width":0,"neve_meta_title_alignment":"","neve_meta_author_avatar":"","neve_post_elements_order":"","neve_meta_disable_header":"","neve_meta_disable_footer":"","neve_meta_disable_title":"on","footnotes":""},"class_list":["post-100","page","type-page","status-publish","hentry"],"_links":{"self":[{"href":"https:\/\/lesclichesdegermain.com\/index.php\/wp-json\/wp\/v2\/pages\/100"}],"collection":[{"href":"https:\/\/lesclichesdegermain.com\/index.php\/wp-json\/wp\/v2\/pages"}],"about":[{"href":"https:\/\/lesclichesdegermain.com\/index.php\/wp-json\/wp\/v2\/types\/page"}],"author":[{"embeddable":true,"href":"https:\/\/lesclichesdegermain.com\/index.php\/wp-json\/wp\/v2\/users\/1"}],"replies":[{"embeddable":true,"href":"https:\/\/lesclichesdegermain.com\/index.php\/wp-json\/wp\/v2\/comments?post=100"}],"version-history":[{"count":7,"href":"https:\/\/lesclichesdegermain.com\/index.php\/wp-json\/wp\/v2\/pages\/100\/revisions"}],"predecessor-version":[{"id":457,"href":"https:\/\/lesclichesdegermain.com\/index.php\/wp-json\/wp\/v2\/pages\/100\/revisions\/457"}],"up":[{"embeddable":true,"href":"https:\/\/lesclichesdegermain.com\/index.php\/wp-json\/wp\/v2\/pages\/30"}],"wp:attachment":[{"href":"https:\/\/lesclichesdegermain.com\/index.php\/wp-json\/wp\/v2\/media?parent=100"}],"curies":[{"name":"wp","href":"https:\/\/api.w.org\/{rel}","templated":true}]}}